8.
2, 3, 59, 163, 659
What are the prime factors of 57074697?
3, 29, 218677
List the prime factors of 2083780158.
2, 3, 257, 457, 2957
List the prime factors of 23244756.
2, 3, 1937063
What are the prime factors of 21914103?
3, 7304701
List the prime factors of 448905964.
2, 13, 29, 297683
List the prime factors of 253374595.
5, 19, 29, 91969
List the prime factors of 31329437.
31, 1010627
What are the prime factors of 1288496771?
1288496771
List the prime factors of 544965733.
13, 19, 337, 6547
What are the prime factors of 289765872?
2, 3, 11, 182933
List the prime factors of 369237468.
2, 3, 79, 137, 2843
What are the prime factors of 1359596169?
3, 1061, 142381
List the prime factors of 241537843.
241537843
List the prime factors of 18302449.
11, 59, 28201
What are the prime factors of 975795523?
975795523
What are the prime factors of 4151970984?
2, 3, 7, 37, 667949
List the prime factors of 551605217.
551605217
What are the prime factors of 4947809396?
2, 89, 13898341
List the prime factors of 6825567486.
2, 3, 19, 59873399
What are the prime factors of 88955078?
2, 44477539
What are the prime factors of 83301497?
83301497
List the prime factors of 1946668340.
2, 5, 619, 157243
What are the prime factors of 73497282?
2, 3, 19, 23, 28031
List the prime factors of 2960189981.
7, 919, 460157
List the prime factors of 99617241.
3, 33205747
What are the prime factors of 356387496?
2, 3, 29, 479, 1069
What are the prime factors of 121719713?
43, 809, 3499
List the prime factors of 20659284.
2, 3, 17, 33757
List the prime factors of 848100623.
848100623
List the prime factors of 1301651165.
5, 71, 487, 7529
What are the prime factors of 4814408544?
2, 3, 11, 1109, 4111
What are the prime factors of 6034141080?
2, 3, 5, 11, 23, 97, 683
What are the prime factors of 192858920?
2, 5, 4821473
What are the prime factors of 107808665?
5, 21561733
List the prime factors of 73784890.
2, 5, 2657, 2777
List the prime factors of 4757765206.
2, 263, 2591, 3491
List the prime factors of 104678701.
104678701
List the prime factors of 773140468.
2, 53, 3646889
List the prime factors of 95143920.
2, 3, 5, 109, 3637
List the prime factors of 51885236.
2, 13, 997793
What are the prime factors of 220637586?
2, 3, 13, 37, 89, 859
What are the prime factors of 71470129?
53, 1348493
List the prime factors of 1304546937.
3, 434848979
What are the prime factors of 1200004573?
1200004573
List the prime factors of 152341147.
7, 29, 47, 2281
What are the prime factors of 35823345?
3, 5, 2388223
What are the prime factors of 5441255?
5, 1088251
What are the prime factors of 8074409927?
67, 131, 919951
What are the prime factors of 11946501?
3, 7, 31, 2039
What are the prime factors of 2563806056?
2, 7, 263, 174077
List the prime factors of 322735133.
7, 59, 173, 4517
List the prime factors of 265764543.
3, 11, 733, 10987
List the prime factors of 2158327683.
3, 239814187
What are the prime factors of 391404007?
7159, 54673
What are the prime factors of 33627689?
2251, 14939
What are the prime factors of 19623751?
7, 19, 147547
List the prime factors of 29077131.
3, 1949, 4973
What are the prime factors of 708703298?
2, 354351649
List the prime factors of 4877415.
3, 5, 12043
What are the prime factors of 2715812453?
281, 9664813
List the prime factors of 70566909.
3, 7, 480047
List the prime factors of 886567113.
3, 19, 449, 1283
What are the prime factors of 355424320?
2, 5, 269, 4129
List the prime factors of 5532808789.
227, 24373607
List the prime factors of 407205726.
2, 3, 17, 3992213
List the prime factors of 331247103.
3, 11, 43, 233437
List the prime factors of 1468922838.
2, 3, 7237, 33829
List the prime factors of 3822447037.
19, 12401, 16223
What are the prime factors of 4304980035?
3, 5, 23, 157, 8831
What are the prime factors of 221237690?
2, 5, 23, 617, 1559
List the prime factors of 161179741.
3733, 43177
List the prime factors of 53450291.
71, 752821
What are the prime factors of 3434275495?
5, 7, 607, 3299
List the prime factors of 63435577.
677, 93701
What are the prime factors of 3954981144?
2, 3, 163, 233, 4339
What are the prime factors of 1915764917?
11, 163, 1068469
List the prime factors of 53148103.
17, 103, 127, 239
List the prime factors of 35360260.
2, 5, 13, 307, 443
List the prime factors of 99177622.
2, 29, 1709959
List the prime factors of 174096973.
1831, 95083
What are the prime factors of 256933758?
2, 3, 42822293
List the prime factors of 1335045062.
2, 13, 51347887
List the prime factors of 296965615.
5, 59393123
List the prime factors of 85543399.
4937, 17327
List the prime factors of 106174989.
3, 211, 18637
What are the prime factors of 667130110?
2, 5, 59, 97, 11657
List the prime factors of 65146230.
2, 3, 5, 47, 15401
What are the prime factors of 2563554484?
2, 59, 379, 28661
What are the prime factors of 6455231592?
2, 3, 268967983
What are the prime factors of 9522308?
2, 67, 35531
What are the prime factors of 200980715?
5, 13, 17, 823
What are the prime factors of 62224879?
17, 139, 1549
List the prime factors of 817675831.
7, 43, 71, 38261
What are the prime factors of 132792220?
2, 5, 11, 31, 19471
What are the prime factors of 118467839?
7, 193, 12527
What are the prime factors of 1154315612?
2, 397, 726899
What are the prime factors of 256966559?
571, 450029
List the prime factors of 67242193.
31, 79, 27457
List the prime factors of 126082890.
2, 3, 5, 31, 45191
What are the prime factors of 1980608394?
2, 3, 199, 1658801
What are the prime factors of 118293599?
17, 6958447
What are the prime factors of 313025790?
2, 3, 5, 7, 11, 97, 127
List the prime factors of 327159544.
2, 23, 1778041
What are the prime factors of 6307357006?
2, 499, 2081, 3037
List the prime factors of 3584889105.
3, 5, 7, 83, 411347
What are the prime factors of 2896150818?
2, 3, 11, 59, 743747
List the prime factors of 127792269.
3, 11, 430277
What are the prime factors of 2955403693?
11, 31, 163, 53171
List the prime factors of 23699796.
2, 3, 1974983
What are the prime factors of 187180585?
5, 1613, 23209
List the prime factors of 46034725.
5, 11, 17, 43, 229
What are the prime factors of 541086805?
5, 7, 53, 291691
List the prime factors of 123869034.
2, 3, 29, 83, 953
What are the prime factors of 99098159?
67, 179, 8263
List the prime factors of 83979030.
2, 3, 5, 53, 52817
What are the prime factors of 46732772?
2, 223, 52391
List the prime factors of 77807551.
23, 29, 31, 53, 71
What are the prime factors of 16524544?
2, 17, 3797
What are the prime factors of 73075542?
2, 3, 12179257
List the prime factors of 37777547.
109, 127, 2729
What are the prime factors of 3902149982?
2, 43, 1997, 22721
List the prime factors of 90152550.
2, 3, 5, 89, 2251
List the prime factors of 4799219162.
2, 37, 47, 1379879
What are the prime factors of 165475557?
3, 13, 1414321
List the prime factors of 2631984427.
38971, 67537
List the prime factors of 1003092546.
2, 3, 79, 163, 12983
What are the prime factors of 65033886?
2, 3, 10838981
List the prime factors of 65340835.
5, 7, 131, 14251
What are the prime factors of 19116491?
31, 103, 5987
List the prime factors of 27080259.
3, 2467, 3659
List the prime factors of 214753292.
2, 13, 4129871
What are the prime factors of 410132994?
2, 3, 2887, 23677
What are the prime factors of 950990935?
5, 190198187
List the prime factors of 128787500.
2, 5, 10303
List the prime factors of 529429029.
3, 43, 83, 197, 251
List the prime factors of 131754503.
9769, 13487
What are the prime factors of 1926220402?
2, 31, 31068071
List the prime factors of 100625927.
100625927
What are the prime factors of 1303067078?
2, 651533539
What are the prime factors of 26639656?
2, 1103, 3019
What are the prime factors of 605143044?
2, 3, 11, 1528139
What are the prime factors of 189345753?
3, 109, 193013
What are the prime factors of 793797712?
2, 23, 373, 5783
What are the prime factors of 5414404529?
5414404529
What are the prime factors of 257295449?
257295449
List the prime factors of 124593194.
2, 11, 5663327
What are the prime factors of 60539914?
2, 30269957
What are the prime factors of 1076096?
2, 7, 1201
What are the prime factors of 172928021?
7, 73, 338411
List the prime factors of 20197239.
3, 691, 9743
List the pri